{"id":2112,"date":"2024-11-15T20:38:37","date_gmt":"2024-11-15T11:38:37","guid":{"rendered":"https:\/\/www.tagame.org\/enews\/?page_id=2112"},"modified":"2024-11-15T20:38:37","modified_gmt":"2024-11-15T11:38:37","slug":"nossas-cores-por","status":"publish","type":"page","link":"https:\/\/www.tagame.org\/enews\/sample-page\/portuguese-books\/nossas-cores-por\/","title":{"rendered":"Nossas Cores (POR)"},"content":{"rendered":"<p><a href=\"https:\/\/www.tagame.org\/enews\/wp-content\/uploads\/2024\/11\/book-BR_BokuranoShikisai01_covers.jpg\" rel=\"lightbox[2112]\"><img loading=\"lazy\" decoding=\"async\" src=\"https:\/\/www.tagame.org\/enews\/wp-content\/uploads\/2024\/11\/book-BR_BokuranoShikisai01_covers-410x600.jpg\" alt=\"\" width=\"410\" height=\"600\" class=\"alignnone size-large wp-image-2113\" srcset=\"https:\/\/www.tagame.org\/enews\/wp-content\/uploads\/2024\/11\/book-BR_BokuranoShikisai01_covers-410x600.jpg 410w, https:\/\/www.tagame.org\/enews\/wp-content\/uploads\/2024\/11\/book-BR_BokuranoShikisai01_covers-205x300.jpg 205w, https:\/\/www.tagame.org\/enews\/wp-content\/uploads\/2024\/11\/book-BR_BokuranoShikisai01_covers-768x1123.jpg 768w, https:\/\/www.tagame.org\/enews\/wp-content\/uploads\/2024\/11\/book-BR_BokuranoShikisai01_covers-624x912.jpg 624w, https:\/\/www.tagame.org\/enews\/wp-content\/uploads\/2024\/11\/book-BR_BokuranoShikisai01_covers.jpg 1026w\" sizes=\"auto, (max-width: 410px) 100vw, 410px\" \/><\/a><\/p>\n<h1>Nossas Cores<\/h1>\n<h2>Portuguese translated<\/h2>\n<blockquote><p>Olhando de fora, tudo parece bem. Mas por dentro, ele est\u00e1 sempre solit\u00e1rio\u2026<\/p>\n<p>Sora Itoda, um adolescente gay, est\u00e1 vivendo uma paix\u00e3o unilateral por seu colega de classe do ensino m\u00e9dio, Kenta Yoshioka.<\/p>\n<p>Ele esconde sua orienta\u00e7\u00e3o sexual at\u00e9 mesmo de sua amiga de inf\u00e2ncia, Nao Nakamura. Apesar disso, ele testemunha Yoshioka dizendo &#8220;Gays s\u00e3o nojentos!&#8221; enquanto zomba com amigos. Em choque, Sora acaba fugindo da escola.<\/p>\n<p>Sentado na praia, ouve um senhor de idade lhe confessar, de repente, que gostava dele&#8230;  <\/p>\n<p>Quem s\u00e3o aqueles feridos pelo &#8220;normal&#8221;? Acompanhe uma emocionante hist\u00f3ria de amadurecimento.<\/p><\/blockquote>\n<p>Editora \u200f : \u200e Panini; 1\u00aa edi\u00e7\u00e3o (7 julho 2023)<br \/>\nIdioma \u200f : \u200e Portugu\u00eas<br \/>\nCapa comum \u200f : \u200e 176 p\u00e1ginas<br \/>\nISBN-10 \u200f : \u200e 6525909767<br \/>\nISBN-13 \u200f : \u200e 978-6525909769<br \/>\nDimens\u00f5es \u200f : \u200e 20 x 1.1 x 13.7 cm<\/p>\n<p><a href=\"https:\/\/panini.com.br\/nossas-cores-01\" rel=\"noopener\" target=\"_blank\">https:\/\/panini.com.br\/nossas-cores-01<\/a><\/p>\n<p><a href=\"https:\/\/www.tagame.org\/enews\/wp-content\/uploads\/2024\/11\/book-BR_BokuranoShikisai02_covers.jpg\" rel=\"lightbox[2112]\"><img loading=\"lazy\" decoding=\"async\" src=\"https:\/\/www.tagame.org\/enews\/wp-content\/uploads\/2024\/11\/book-BR_BokuranoShikisai02_covers-410x600.jpg\" alt=\"\" width=\"410\" height=\"600\" class=\"alignnone size-large wp-image-2115\" srcset=\"https:\/\/www.tagame.org\/enews\/wp-content\/uploads\/2024\/11\/book-BR_BokuranoShikisai02_covers-410x600.jpg 410w, https:\/\/www.tagame.org\/enews\/wp-content\/uploads\/2024\/11\/book-BR_BokuranoShikisai02_covers-205x300.jpg 205w, https:\/\/www.tagame.org\/enews\/wp-content\/uploads\/2024\/11\/book-BR_BokuranoShikisai02_covers-768x1123.jpg 768w, https:\/\/www.tagame.org\/enews\/wp-content\/uploads\/2024\/11\/book-BR_BokuranoShikisai02_covers-624x912.jpg 624w, https:\/\/www.tagame.org\/enews\/wp-content\/uploads\/2024\/11\/book-BR_BokuranoShikisai02_covers.jpg 1026w\" sizes=\"auto, (max-width: 410px) 100vw, 410px\" \/><\/a><\/p>\n<blockquote><p>Desenhar \u00e9 ser livre. No entanto, quando mentimos sobre nossas paix\u00f5es, o mundo perde suas cores.Enquanto carrega o peso de n\u00e3o poder assumir sua homossexualidade, Sora come\u00e7a a pintar a parede do \u201ccaf\u00e9 secreto\u201d.A m\u00e3e do garoto v\u00ea Nao ajudando o filho e comete o engano de pensar que s\u00e3o um casal.Al\u00e9m disso, Mizuki pede a Nao que n\u00e3o esconda se estiver se relacionando com Sora.Aflitos, os dois pedem conselhos ao dono do caf\u00e9, que decidiu h\u00e1 tempos n\u00e3o esconder sua sexualidade. Entretanto, arrependimentos do passado s\u00e3o revelados&#8230;<\/p><\/blockquote>\n<p>Editora \u200f : \u200e Panini; 2\u00aa edi\u00e7\u00e3o (22 setembro 2023)<br \/>\nIdioma \u200f : \u200e Portugu\u00eas<br \/>\nCapa comum \u200f : \u200e 176 p\u00e1ginas<br \/>\nISBN-10 \u200f : \u200e 6525906482<br \/>\nISBN-13 \u200f : \u200e 978-6525906485<br \/>\nDimens\u00f5es \u200f : \u200e 13.7 x 1.1 x 20 cm<\/p>\n<p><a href=\"https:\/\/www.tagame.org\/enews\/wp-content\/uploads\/2024\/11\/book-BR_BokuranoShikisai03_covers_FIXED.jpg\" rel=\"lightbox[2112]\"><img loading=\"lazy\" decoding=\"async\" src=\"https:\/\/www.tagame.org\/enews\/wp-content\/uploads\/2024\/11\/book-BR_BokuranoShikisai03_covers_FIXED-410x600.jpg\" alt=\"\" width=\"410\" height=\"600\" class=\"alignnone size-large wp-image-2117\" srcset=\"https:\/\/www.tagame.org\/enews\/wp-content\/uploads\/2024\/11\/book-BR_BokuranoShikisai03_covers_FIXED-410x600.jpg 410w, https:\/\/www.tagame.org\/enews\/wp-content\/uploads\/2024\/11\/book-BR_BokuranoShikisai03_covers_FIXED-205x300.jpg 205w, https:\/\/www.tagame.org\/enews\/wp-content\/uploads\/2024\/11\/book-BR_BokuranoShikisai03_covers_FIXED-768x1123.jpg 768w, https:\/\/www.tagame.org\/enews\/wp-content\/uploads\/2024\/11\/book-BR_BokuranoShikisai03_covers_FIXED-624x912.jpg 624w, https:\/\/www.tagame.org\/enews\/wp-content\/uploads\/2024\/11\/book-BR_BokuranoShikisai03_covers_FIXED.jpg 1026w\" sizes=\"auto, (max-width: 410px) 100vw, 410px\" \/><\/a><\/p>\n<blockquote><p>\u00c0s vezes, o passado se torna uma pris\u00e3o. No entanto, voc\u00ea pode desenhar um \u201cagora\u201d diferente.O dono do caf\u00e9, que \u00e9 gay, j\u00e1 teve uma esposa.Abalado por essa chocante revela\u00e7\u00e3o, Sora passa a evit\u00e1-lo. Todavia, ao ser questionado pelos seus pais acerca da rela\u00e7\u00e3o com aquele homem, o garoto acaba \u201csaindo do arm\u00e1rio\u201d no calor do momento. Enquanto isso, Nao, na posi\u00e7\u00e3o de \u201camiga \u00edntima\u201d, se pergunta como lidar com Sora e sua paix\u00e3o n\u00e3o correspondida.A resposta do dono, atormentado pelos \u201carrependimentos do passado\u201d, e o destino do \u201ccaf\u00e9 secreto\u201d, onde os tr\u00eas se aproximaram\u2026O drama dos cora\u00e7\u00f5es feridos&#8230; Essa \u00e9 a emocionante conclus\u00e3o que desanuviar\u00e1 o c\u00e9u.<\/p><\/blockquote>\n<p>Editora \u200f : \u200e Panini; 3\u00aa edi\u00e7\u00e3o (15 dezembro 2023)<br \/>\nIdioma \u200f : \u200e Portugu\u00eas<br \/>\nCapa comum \u200f : \u200e 176 p\u00e1ginas<br \/>\nISBN-10 \u200f : \u200e 6525923786<br \/>\nISBN-13 \u200f : \u200e 978-6525923789<br \/>\nDimens\u00f5es \u200f : \u200e 13.7 x 1.1 x 20 cm<\/p>\n","protected":false},"excerpt":{"rendered":"<p>Nossas Cores Portuguese translated Olhando de fora, tudo parece bem. Mas por dentro, ele est\u00e1 sempre solit\u00e1rio [&hellip;]<\/p>\n","protected":false},"author":1,"featured_media":0,"parent":1417,"menu_order":0,"comment_status":"closed","ping_status":"closed","template":"","meta":{"footnotes":""},"class_list":["post-2112","page","type-page","status-publish","hentry"],"aioseo_notices":[],"_links":{"self":[{"href":"https:\/\/www.tagame.org\/enews\/wp-json\/wp\/v2\/pages\/2112","targetHints":{"allow":["GET"]}}],"collection":[{"href":"https:\/\/www.tagame.org\/enews\/wp-json\/wp\/v2\/pages"}],"about":[{"href":"https:\/\/www.tagame.org\/enews\/wp-json\/wp\/v2\/types\/page"}],"author":[{"embeddable":true,"href":"https:\/\/www.tagame.org\/enews\/wp-json\/wp\/v2\/users\/1"}],"replies":[{"embeddable":true,"href":"https:\/\/www.tagame.org\/enews\/wp-json\/wp\/v2\/comments?post=2112"}],"version-history":[{"count":3,"href":"https:\/\/www.tagame.org\/enews\/wp-json\/wp\/v2\/pages\/2112\/revisions"}],"predecessor-version":[{"id":2118,"href":"https:\/\/www.tagame.org\/enews\/wp-json\/wp\/v2\/pages\/2112\/revisions\/2118"}],"up":[{"embeddable":true,"href":"https:\/\/www.tagame.org\/enews\/wp-json\/wp\/v2\/pages\/1417"}],"wp:attachment":[{"href":"https:\/\/www.tagame.org\/enews\/wp-json\/wp\/v2\/media?parent=2112"}],"curies":[{"name":"wp","href":"https:\/\/api.w.org\/{rel}","templated":true}]}}