{"id":1419,"date":"2019-11-21T18:37:56","date_gmt":"2019-11-21T09:37:56","guid":{"rendered":"http:\/\/www.tagame.org\/enews\/?page_id=1419"},"modified":"2020-10-10T23:42:31","modified_gmt":"2020-10-10T14:42:31","slug":"o-marido-do-meu-irmao-p0r","status":"publish","type":"page","link":"https:\/\/www.tagame.org\/enews\/sample-page\/portuguese-books\/o-marido-do-meu-irmao-p0r\/","title":{"rendered":"O Marido do meu Irm\u00e3o (POR)"},"content":{"rendered":"<p><a href=\"https:\/\/www.tagame.org\/enews\/wp-content\/uploads\/2019\/11\/Brazil1.jpg\" rel=\"lightbox[1419]\"><img loading=\"lazy\" decoding=\"async\" src=\"https:\/\/www.tagame.org\/enews\/wp-content\/uploads\/2019\/11\/Brazil1-411x600.jpg\" alt=\"\" width=\"411\" height=\"600\" class=\"alignnone size-large wp-image-1420\" srcset=\"https:\/\/www.tagame.org\/enews\/wp-content\/uploads\/2019\/11\/Brazil1-411x600.jpg 411w, https:\/\/www.tagame.org\/enews\/wp-content\/uploads\/2019\/11\/Brazil1-205x300.jpg 205w, https:\/\/www.tagame.org\/enews\/wp-content\/uploads\/2019\/11\/Brazil1.jpg 616w\" sizes=\"auto, (max-width: 411px) 100vw, 411px\" \/><\/a><\/p>\n<h1>O Marido do meu Irm\u00e3o (total 2 volumes)<\/h1>\n<h2>Portuguese translated<\/h2>\n<blockquote><p>Volume 1<br \/>\nFormato 13,7 x 20 cm<br \/>\nTipo de Produto: Revista<br \/>\nSegmentos: Mang\u00e1s<br \/>\nMarcas: Planet Manga<br \/>\nAutor(es): Gengoroh Tagame<br \/>\nCheck-List: Abril\/2019<br \/>\nClassifica\u00e7\u00e3o Et\u00e1ria: 18 anos<br \/>\nN\u00famero de p\u00e1ginas: 368<br \/>\nLombada\/Encaderna\u00e7\u00e3o: Quadrada<br \/>\nTipo de capa: Cart\u00e3o<\/p><\/blockquote>\n<p><a href=\"https:\/\/loja.panini.com.br\/panini\/produto\/Manga-O-Marido-do-meu-Irmao-Volume-1.aspx\" rel=\"noopener noreferrer\" target=\"_blank\">https:\/\/loja.panini.com.br\/panini\/produto\/Manga-O-Marido-do-meu-Irmao-Volume-1.aspx<\/a><\/p>\n<blockquote><p>Volume 2<br \/>\nFormato 13,7 x 20 cm<br \/>\nTipo de Produto: Revista<br \/>\nSegmentos: Mang\u00e1s<br \/>\nMarcas: Planet Manga<br \/>\nAutor(es): Gengoroh Tagame<br \/>\nCheck-List: Junho\/2019<br \/>\nClassifica\u00e7\u00e3o Et\u00e1ria: 18 anos<br \/>\nN\u00famero de p\u00e1ginas: 368<\/p><\/blockquote>\n<p><a href=\"https:\/\/loja.panini.com.br\/panini\/produto\/Manga-O-Marido-do-meu-Irmao-Volume-2.aspx\" rel=\"noopener noreferrer\" target=\"_blank\">https:\/\/loja.panini.com.br\/panini\/produto\/Manga-O-Marido-do-meu-Irmao-Volume-2.aspx<\/a><\/p>\n<p><a href=\"https:\/\/www.tagame.org\/enews\/wp-content\/uploads\/2019\/11\/brazil1a.jpg\" rel=\"lightbox[1419]\"><img loading=\"lazy\" decoding=\"async\" src=\"https:\/\/www.tagame.org\/enews\/wp-content\/uploads\/2019\/11\/brazil1a-600x403.jpg\" alt=\"\" width=\"600\" height=\"403\" class=\"alignnone size-large wp-image-1422\" srcset=\"https:\/\/www.tagame.org\/enews\/wp-content\/uploads\/2019\/11\/brazil1a-600x403.jpg 600w, https:\/\/www.tagame.org\/enews\/wp-content\/uploads\/2019\/11\/brazil1a-300x202.jpg 300w, https:\/\/www.tagame.org\/enews\/wp-content\/uploads\/2019\/11\/brazil1a-768x516.jpg 768w, https:\/\/www.tagame.org\/enews\/wp-content\/uploads\/2019\/11\/brazil1a-624x419.jpg 624w, https:\/\/www.tagame.org\/enews\/wp-content\/uploads\/2019\/11\/brazil1a.jpg 1200w\" sizes=\"auto, (max-width: 600px) 100vw, 600px\" \/><\/a><br \/>\n<a href=\"https:\/\/www.tagame.org\/enews\/wp-content\/uploads\/2019\/11\/brazil2.jpg\" rel=\"lightbox[1419]\"><img loading=\"lazy\" decoding=\"async\" src=\"https:\/\/www.tagame.org\/enews\/wp-content\/uploads\/2019\/11\/brazil2-415x600.jpg\" alt=\"\" width=\"415\" height=\"600\" class=\"alignnone size-large wp-image-1424\" srcset=\"https:\/\/www.tagame.org\/enews\/wp-content\/uploads\/2019\/11\/brazil2-415x600.jpg 415w, https:\/\/www.tagame.org\/enews\/wp-content\/uploads\/2019\/11\/brazil2-208x300.jpg 208w, https:\/\/www.tagame.org\/enews\/wp-content\/uploads\/2019\/11\/brazil2-768x1110.jpg 768w, https:\/\/www.tagame.org\/enews\/wp-content\/uploads\/2019\/11\/brazil2-624x902.jpg 624w, https:\/\/www.tagame.org\/enews\/wp-content\/uploads\/2019\/11\/brazil2.jpg 830w\" sizes=\"auto, (max-width: 415px) 100vw, 415px\" \/><\/a><br \/>\n<a href=\"https:\/\/www.tagame.org\/enews\/wp-content\/uploads\/2019\/11\/Brazil2a.jpg\" rel=\"lightbox[1419]\"><img loading=\"lazy\" decoding=\"async\" src=\"https:\/\/www.tagame.org\/enews\/wp-content\/uploads\/2019\/11\/Brazil2a-600x403.jpg\" alt=\"\" width=\"600\" height=\"403\" class=\"alignnone size-large wp-image-1425\" srcset=\"https:\/\/www.tagame.org\/enews\/wp-content\/uploads\/2019\/11\/Brazil2a-600x403.jpg 600w, https:\/\/www.tagame.org\/enews\/wp-content\/uploads\/2019\/11\/Brazil2a-300x202.jpg 300w, https:\/\/www.tagame.org\/enews\/wp-content\/uploads\/2019\/11\/Brazil2a-768x516.jpg 768w, https:\/\/www.tagame.org\/enews\/wp-content\/uploads\/2019\/11\/Brazil2a-624x419.jpg 624w, https:\/\/www.tagame.org\/enews\/wp-content\/uploads\/2019\/11\/Brazil2a.jpg 1200w\" sizes=\"auto, (max-width: 600px) 100vw, 600px\" \/><\/a><\/p>\n","protected":false},"excerpt":{"rendered":"<p>O Marido do meu Irm\u00e3o (total 2 volumes) Portuguese translated Volume 1 Formato 13,7 x 20 cm Tipo de Produto: R [&hellip;]<\/p>\n","protected":false},"author":1,"featured_media":0,"parent":1417,"menu_order":0,"comment_status":"closed","ping_status":"closed","template":"","meta":{"footnotes":""},"class_list":["post-1419","page","type-page","status-publish","hentry"],"aioseo_notices":[],"_links":{"self":[{"href":"https:\/\/www.tagame.org\/enews\/wp-json\/wp\/v2\/pages\/1419","targetHints":{"allow":["GET"]}}],"collection":[{"href":"https:\/\/www.tagame.org\/enews\/wp-json\/wp\/v2\/pages"}],"about":[{"href":"https:\/\/www.tagame.org\/enews\/wp-json\/wp\/v2\/types\/page"}],"author":[{"embeddable":true,"href":"https:\/\/www.tagame.org\/enews\/wp-json\/wp\/v2\/users\/1"}],"replies":[{"embeddable":true,"href":"https:\/\/www.tagame.org\/enews\/wp-json\/wp\/v2\/comments?post=1419"}],"version-history":[{"count":7,"href":"https:\/\/www.tagame.org\/enews\/wp-json\/wp\/v2\/pages\/1419\/revisions"}],"predecessor-version":[{"id":1722,"href":"https:\/\/www.tagame.org\/enews\/wp-json\/wp\/v2\/pages\/1419\/revisions\/1722"}],"up":[{"embeddable":true,"href":"https:\/\/www.tagame.org\/enews\/wp-json\/wp\/v2\/pages\/1417"}],"wp:attachment":[{"href":"https:\/\/www.tagame.org\/enews\/wp-json\/wp\/v2\/media?parent=1419"}],"curies":[{"name":"wp","href":"https:\/\/api.w.org\/{rel}","templated":true}]}}